{"id":44,"date":"2017-01-29T13:50:37","date_gmt":"2017-01-29T13:50:37","guid":{"rendered":"http:\/\/camping-hellenthal.de\/?page_id=44"},"modified":"2025-12-28T14:17:59","modified_gmt":"2025-12-28T13:17:59","slug":"preise","status":"publish","type":"page","link":"https:\/\/eifel-camping.de\/?page_id=44","title":{"rendered":"Preise"},"content":{"rendered":"\n<p><a href=\"https:\/\/eifel-camping.de\/wp-content\/uploads\/2025\/12\/Eifelcamping-Preise-2026.pdf\">Preiseliste als PDF runterladen<\/a><\/p>\n\n\n\n<section class=\"preisliste\">\n  <h2>Preisliste und Geb\u00fchrenordnung 2026<\/h2>\n\n  <h3>Jahresmiete Dauerstellpl\u00e4tze<\/h3>\n  <table>\n    <thead>\n      <tr>\n        <th>Leistung<\/th>\n        <th>Preis<\/th>\n      <\/tr>\n    <\/thead>\n    <tbody>\n      <tr>\n        <td>Jahresmiete f\u00fcr 1 Platz (bei j\u00e4hrlicher Zahlung)<\/td>\n        <td>925&nbsp;\u20ac<\/td>\n      <\/tr>\n      <tr>\n        <td>Jahresmiete f\u00fcr 1 Platz (bei \u00bd j\u00e4hrlicher Zahlung)<\/td>\n        <td>465&nbsp;\u20ac<\/td>\n      <\/tr>\n      <tr>\n        <td>Jahresmiete f\u00fcr 1 Platz (bei \u00bc j\u00e4hrlicher Zahlung)<\/td>\n        <td>235&nbsp;\u20ac<\/td>\n      <\/tr>\n      <tr>\n        <td>Jahresmiete f\u00fcr 1 Platz (bei monatlicher Zahlung)<\/td>\n        <td>80&nbsp;\u20ac<\/td>\n      <\/tr>\n      <tr>\n        <td>Winterstellplatz 01. Oktober bis 31. M\u00e4rz<\/td>\n        <td>500&nbsp;\u20ac<\/td>\n      <\/tr>\n    <\/tbody>\n  <\/table>\n\n  <h3>Jahresmiete f\u00fcr 1&frac14;&nbsp;Platz<\/h3>\n  <table>\n    <thead>\n      <tr>\n        <th>Leistung<\/th>\n        <th>Preis<\/th>\n      <\/tr>\n    <\/thead>\n    <tbody>\n      <tr>\n        <td>Jahresmiete f\u00fcr 1&frac14;&nbsp;Platz (bei j\u00e4hrlicher Zahlung)<\/td>\n        <td>1.152&nbsp;\u20ac<\/td>\n      <\/tr>\n      <tr>\n        <td>Jahresmiete f\u00fcr 1&frac14;&nbsp;Platz (bei \u00bd j\u00e4hrlicher Zahlung)<\/td>\n        <td>580&nbsp;\u20ac<\/td>\n      <\/tr>\n      <tr>\n        <td>Jahresmiete f\u00fcr 1&frac14;&nbsp;Platz (bei \u00bc j\u00e4hrlicher Zahlung)<\/td>\n        <td>295&nbsp;\u20ac<\/td>\n      <\/tr>\n      <tr>\n        <td>Jahresmiete f\u00fcr 1&frac14;&nbsp;Platz (bei monatlicher Zahlung)<\/td>\n        <td>100&nbsp;\u20ac<\/td>\n      <\/tr>\n    <\/tbody>\n  <\/table>\n\n  <h3>Jahresmiete f\u00fcr 1&frac12;&nbsp;Platz<\/h3>\n  <table>\n    <thead>\n      <tr>\n        <th>Leistung<\/th>\n        <th>Preis<\/th>\n      <\/tr>\n    <\/thead>\n    <tbody>\n      <tr>\n        <td>Jahresmiete f\u00fcr 1&frac12;&nbsp;Platz (bei j\u00e4hrlicher Zahlung)<\/td>\n        <td>1.385&nbsp;\u20ac<\/td>\n      <\/tr>\n      <tr>\n        <td>Jahresmiete f\u00fcr 1&frac12;&nbsp;Platz (bei \u00bd j\u00e4hrlicher Zahlung)<\/td>\n        <td>695&nbsp;\u20ac<\/td>\n      <\/tr>\n      <tr>\n        <td>Jahresmiete f\u00fcr 1&frac12;&nbsp;Platz (bei \u00bc j\u00e4hrlicher Zahlung)<\/td>\n        <td>350&nbsp;\u20ac<\/td>\n      <\/tr>\n      <tr>\n        <td>Jahresmiete f\u00fcr 1&frac12;&nbsp;Platz (bei monatlicher Zahlung)<\/td>\n        <td>118&nbsp;\u20ac<\/td>\n      <\/tr>\n    <\/tbody>\n  <\/table>\n\n  <h3>Zus\u00e4tzliche Geb\u00fchren<\/h3>\n  <table>\n    <thead>\n      <tr>\n        <th>Leistung<\/th>\n        <th>Preis<\/th>\n      <\/tr>\n    <\/thead>\n    <tbody>\n      <tr>\n        <td>Kosten f\u00fcr Hunde pro Hund \/ Jahr<\/td>\n        <td>25&nbsp;\u20ac<\/td>\n      <\/tr>\n      <tr>\n        <td>Kosten f\u00fcr Hunde bei monatlicher Zahlung \/ Monat<\/td>\n        <td>2,50&nbsp;\u20ac<\/td>\n      <\/tr>\n      <tr>\n        <td>Rasenpflege pro 1\/1 Jahresplatz<\/td>\n        <td>130&nbsp;\u20ac<\/td>\n      <\/tr>\n      <tr>\n        <td>Strom (nach Verbrauch) je kW\/h<\/td>\n        <td>0,65&nbsp;\u20ac<\/td>\n      <\/tr>\n      <tr>\n        <td>Wasser (nach Verbrauch, mindestens 1&nbsp;m\u00b3 pro Jahr) je m\u00b3<\/td>\n        <td>10,00&nbsp;\u20ac<\/td>\n      <\/tr>\n      <tr>\n        <td>Abgabe an die Gemeinde Hellenthal (j\u00e4hrlich)<\/td>\n        <td>10,00&nbsp;\u20ac<\/td>\n      <\/tr>\n      <tr>\n        <td>Duschen je Zeiteinheit<\/td>\n        <td>1,00&nbsp;\u20ac<\/td>\n      <\/tr>\n    <\/tbody>\n  <\/table>\n\n  <p>F\u00fcr 1&frac14;, 1&frac12; oder 1&nbsp;Doppelplatz sind die Geb\u00fchren entsprechend anzupassen.<\/p>\n  <p><strong>Hinweis:<\/strong> Die Energiekosten m\u00fcssen bei Bedarf angepasst werden.<\/p>\n<\/section>\n\n<section class=\"preisliste-touristen\">\n  <h2>Preisliste Touristenstellpl\u00e4tze g\u00fcltig ab 01.01.2026<\/h2>\n\n  <table>\n    <thead>\n      <tr>\n        <th>Leistung<\/th>\n        <th>Preis<\/th>\n      <\/tr>\n    <\/thead>\n    <tbody>\n      <tr>\n        <td>Erwachsene<\/td>\n        <td>7,00&nbsp;\u20ac<\/td>\n      <\/tr>\n      <tr>\n        <td>Kinder bis 14 Jahre<\/td>\n        <td>5,00&nbsp;\u20ac<\/td>\n      <\/tr>\n      <tr>\n        <td>Platz + Auto\/Motorrad + Zelt<\/td>\n        <td>8,00&nbsp;\u20ac<\/td>\n      <\/tr>\n      <tr>\n        <td>Platz + Wohnmobil<\/td>\n        <td>8,00&nbsp;\u20ac<\/td>\n      <\/tr>\n      <tr>\n        <td>Hund<\/td>\n        <td>2,00&nbsp;\u20ac<\/td>\n      <\/tr>\n      <tr>\n        <td>Strom nach Verbrauch pro kW\/h<\/td>\n        <td>0,65&nbsp;\u20ac<\/td>\n      <\/tr>\n      <tr>\n        <td>Duschen<\/td>\n        <td>1,00&nbsp;\u20ac<\/td>\n      <\/tr>\n      <tr>\n        <td>Beherbergungsabgabe pro erwachsene Person<\/td>\n        <td>1,50&nbsp;\u20ac<\/td>\n      <\/tr>\n    <\/tbody>\n  <\/table>\n<\/section>\n\n\n\n\n<p><\/p>\n","protected":false},"excerpt":{"rendered":"<p>Preiseliste als PDF runterladen Preisliste und Geb\u00fchrenordnung 2026 Jahresmiete Dauerstellpl\u00e4tze Leistung Preis Jahresmiete f\u00fcr 1 Platz (bei j\u00e4hrlicher Zahlung) 925&nbsp;\u20ac Jahresmiete f\u00fcr 1 Platz (bei \u00bd j\u00e4hrlicher Zahlung) 465&nbsp;\u20ac Jahresmiete f\u00fcr 1 Platz (bei \u00bc j\u00e4hrlicher Zahlung) 235&nbsp;\u20ac Jahresmiete f\u00fcr <a class=\"more-link\" href=\"https:\/\/eifel-camping.de\/?page_id=44\"><span class=\"screen-reader-text\">  Preise<\/span> weiterlesen<span class=\"meta-nav\">&rarr;<\/span><\/a><\/p>\n","protected":false},"author":1,"featured_media":0,"parent":2,"menu_order":2,"comment_status":"closed","ping_status":"closed","template":"","meta":{"footnotes":""},"class_list":["post-44","page","type-page","status-publish","hentry"],"_links":{"self":[{"href":"https:\/\/eifel-camping.de\/index.php?rest_route=\/wp\/v2\/pages\/44","targetHints":{"allow":["GET"]}}],"collection":[{"href":"https:\/\/eifel-camping.de\/index.php?rest_route=\/wp\/v2\/pages"}],"about":[{"href":"https:\/\/eifel-camping.de\/index.php?rest_route=\/wp\/v2\/types\/page"}],"author":[{"embeddable":true,"href":"https:\/\/eifel-camping.de\/index.php?rest_route=\/wp\/v2\/users\/1"}],"replies":[{"embeddable":true,"href":"https:\/\/eifel-camping.de\/index.php?rest_route=%2Fwp%2Fv2%2Fcomments&post=44"}],"version-history":[{"count":21,"href":"https:\/\/eifel-camping.de\/index.php?rest_route=\/wp\/v2\/pages\/44\/revisions"}],"predecessor-version":[{"id":98296,"href":"https:\/\/eifel-camping.de\/index.php?rest_route=\/wp\/v2\/pages\/44\/revisions\/98296"}],"up":[{"embeddable":true,"href":"https:\/\/eifel-camping.de\/index.php?rest_route=\/wp\/v2\/pages\/2"}],"wp:attachment":[{"href":"https:\/\/eifel-camping.de\/index.php?rest_route=%2Fwp%2Fv2%2Fmedia&parent=44"}],"curies":[{"name":"wp","href":"https:\/\/api.w.org\/{rel}","templated":true}]}}