{"id":385,"date":"2017-08-24T17:12:21","date_gmt":"2017-08-24T15:12:21","guid":{"rendered":"http:\/\/eifel-camping.de\/?page_id=385"},"modified":"2017-08-26T15:59:15","modified_gmt":"2017-08-26T13:59:15","slug":"grube-wohlfahrt","status":"publish","type":"page","link":"https:\/\/eifel-camping.de\/?page_id=385","title":{"rendered":"Grube Wohlfahrt"},"content":{"rendered":"<h4><span style=\"color: #000000;\">Jeden Tag! Bei jedem Wetter! F\u00fcr Gro\u00df und Klein!<\/span><\/h4>\n<figure id=\"attachment_389\" aria-describedby=\"caption-attachment-389\" style=\"width: 1285px\" class=\"wp-caption alignnone\"><img loading=\"lazy\" decoding=\"async\" class=\"wp-image-389 size-full\" src=\"http:\/\/eifel-camping.de\/wp-content\/uploads\/2017\/08\/Einstiegsgeb\u00e4ude.jpg\" alt=\"\" width=\"1285\" height=\"1067\" srcset=\"https:\/\/eifel-camping.de\/wp-content\/uploads\/2017\/08\/Einstiegsgeb\u00e4ude.jpg 1285w, https:\/\/eifel-camping.de\/wp-content\/uploads\/2017\/08\/Einstiegsgeb\u00e4ude-300x249.jpg 300w, https:\/\/eifel-camping.de\/wp-content\/uploads\/2017\/08\/Einstiegsgeb\u00e4ude-768x638.jpg 768w, https:\/\/eifel-camping.de\/wp-content\/uploads\/2017\/08\/Einstiegsgeb\u00e4ude-1024x850.jpg 1024w\" sizes=\"auto, (max-width: 1285px) 100vw, 1285px\" \/><figcaption id=\"caption-attachment-389\" class=\"wp-caption-text\">Archiv Heimatverein Rescheid e.V.<\/figcaption><\/figure>\n<p>Der Heimatverein Rescheid e.V. hat sich zur Aufgabe gemacht die alte Grube Wohlfahrt wieder f\u00fcr Besucher zug\u00e4nglich zu machen und deren alten Bergbaugeschichte zu erz\u00e4hlen.<\/p>\n<p>In der &#8222;<a href=\"http:\/\/www.grubewohlfahrt.de\/\" target=\"_blank\" rel=\"noopener\">Grube Wohlfahrt<\/a>&#8220; bietet sich Ihnen die M\u00f6glichkeit, den fast 900 Meter langen Stollen im Berg zu befahren, der bereits im ausgehenden Mittelalter begonnen wurde. Kundige F\u00fchrer vermitteln bei einer spannenden Tour im &#8222;Tiefen Stollen&#8220; Wissenswertes zur Arbeitswelt unserer Vorfahren und zur Entstehung der begehrten Eifeler Bleierze. Im neu erbauten Grubenhaus befindet sich eine sehenswerte Ausstellung \u00fcber den Rescheider Bleierz-Bergbau. Die Grube Wohlfahrt befindet sich ganz in der N\u00e4he unseres Campingplatzes.<\/p>\n<figure id=\"attachment_391\" aria-describedby=\"caption-attachment-391\" style=\"width: 300px\" class=\"wp-caption alignleft\"><img loading=\"lazy\" decoding=\"async\" class=\"wp-image-391 size-medium\" src=\"http:\/\/eifel-camping.de\/wp-content\/uploads\/2017\/08\/Rippel_Reger-300x211.jpg\" alt=\"\" width=\"300\" height=\"211\" srcset=\"https:\/\/eifel-camping.de\/wp-content\/uploads\/2017\/08\/Rippel_Reger-300x211.jpg 300w, https:\/\/eifel-camping.de\/wp-content\/uploads\/2017\/08\/Rippel_Reger-768x541.jpg 768w, https:\/\/eifel-camping.de\/wp-content\/uploads\/2017\/08\/Rippel_Reger-1024x722.jpg 1024w, https:\/\/eifel-camping.de\/wp-content\/uploads\/2017\/08\/Rippel_Reger.jpg 1459w\" sizes=\"auto, (max-width: 300px) 100vw, 300px\" \/><figcaption id=\"caption-attachment-391\" class=\"wp-caption-text\">Archiv Heimatverein Rescheid e.V.<\/figcaption><\/figure>\n<p>Der Heimatverein Rescheid e.V. bietet t\u00e4glich &#8211; au\u00dfer an Heiligabend und am 1. Weihnachtstag &#8211; F\u00fchrungen um 11.00, 14.00 und 15.30 Uhr an. Gruppen ab 8 Personen m\u00fcssen sich vorher telefonisch unter 02448-911140\u00a0 anmelden. F\u00fcrdiese k\u00f6nnen separate Termine zu jeder gew\u00fcnschten Uhrzeit vereinbart werden.<\/p>\n<p>Bitte beachten:<strong> Die Temperatur im Bergwerk betr\u00e4gt ganzj\u00e4hrig nur 8 \u00b0C. Warme Kleidung und festes Schuhwerk werden unbedingt empfohlen!<\/strong><\/p>\n<figure id=\"attachment_390\" aria-describedby=\"caption-attachment-390\" style=\"width: 300px\" class=\"wp-caption alignnone\"><img loading=\"lazy\" decoding=\"async\" class=\"wp-image-390 size-medium\" src=\"http:\/\/eifel-camping.de\/wp-content\/uploads\/2017\/08\/Meves_2-300x228.jpg\" alt=\"\" width=\"300\" height=\"228\" srcset=\"https:\/\/eifel-camping.de\/wp-content\/uploads\/2017\/08\/Meves_2-300x228.jpg 300w, https:\/\/eifel-camping.de\/wp-content\/uploads\/2017\/08\/Meves_2-768x583.jpg 768w, https:\/\/eifel-camping.de\/wp-content\/uploads\/2017\/08\/Meves_2-1024x778.jpg 1024w, https:\/\/eifel-camping.de\/wp-content\/uploads\/2017\/08\/Meves_2.jpg 1347w\" sizes=\"auto, (max-width: 300px) 100vw, 300px\" \/><figcaption id=\"caption-attachment-390\" class=\"wp-caption-text\">Archiv Heimatverein Rescheid e.V.<\/figcaption><\/figure>\n<figure id=\"attachment_388\" aria-describedby=\"caption-attachment-388\" style=\"width: 300px\" class=\"wp-caption alignnone\"><img loading=\"lazy\" decoding=\"async\" class=\"wp-image-388 size-medium\" src=\"http:\/\/eifel-camping.de\/wp-content\/uploads\/2017\/08\/Alte_Lampen-300x225.jpg\" alt=\"\" width=\"300\" height=\"225\" srcset=\"https:\/\/eifel-camping.de\/wp-content\/uploads\/2017\/08\/Alte_Lampen-300x225.jpg 300w, https:\/\/eifel-camping.de\/wp-content\/uploads\/2017\/08\/Alte_Lampen-768x576.jpg 768w, https:\/\/eifel-camping.de\/wp-content\/uploads\/2017\/08\/Alte_Lampen.jpg 1020w\" sizes=\"auto, (max-width: 300px) 100vw, 300px\" \/><figcaption id=\"caption-attachment-388\" class=\"wp-caption-text\">Archiv Heimatverein Rescheid e.V.<\/figcaption><\/figure>\n<p>Heimatverein Rescheid e.V.<br \/>\nGiescheid 36<br \/>\nD-53940 Rescheid-Hellenthal<br \/>\nTel.: 02448-911140<\/p>\n","protected":false},"excerpt":{"rendered":"<p>Jeden Tag! Bei jedem Wetter! F\u00fcr Gro\u00df und Klein! Der Heimatverein Rescheid e.V. hat sich zur Aufgabe gemacht die alte Grube Wohlfahrt wieder f\u00fcr Besucher zug\u00e4nglich zu machen und deren alten Bergbaugeschichte zu erz\u00e4hlen. In der &#8222;Grube Wohlfahrt&#8220; bietet sich <a class=\"more-link\" href=\"https:\/\/eifel-camping.de\/?page_id=385\"><span class=\"screen-reader-text\">  Grube Wohlfahrt<\/span> weiterlesen<span class=\"meta-nav\">&rarr;<\/span><\/a><\/p>\n","protected":false},"author":1,"featured_media":0,"parent":0,"menu_order":0,"comment_status":"closed","ping_status":"closed","template":"","meta":{"footnotes":""},"class_list":["post-385","page","type-page","status-publish","hentry"],"_links":{"self":[{"href":"https:\/\/eifel-camping.de\/index.php?rest_route=\/wp\/v2\/pages\/385","targetHints":{"allow":["GET"]}}],"collection":[{"href":"https:\/\/eifel-camping.de\/index.php?rest_route=\/wp\/v2\/pages"}],"about":[{"href":"https:\/\/eifel-camping.de\/index.php?rest_route=\/wp\/v2\/types\/page"}],"author":[{"embeddable":true,"href":"https:\/\/eifel-camping.de\/index.php?rest_route=\/wp\/v2\/users\/1"}],"replies":[{"embeddable":true,"href":"https:\/\/eifel-camping.de\/index.php?rest_route=%2Fwp%2Fv2%2Fcomments&post=385"}],"version-history":[{"count":23,"href":"https:\/\/eifel-camping.de\/index.php?rest_route=\/wp\/v2\/pages\/385\/revisions"}],"predecessor-version":[{"id":418,"href":"https:\/\/eifel-camping.de\/index.php?rest_route=\/wp\/v2\/pages\/385\/revisions\/418"}],"wp:attachment":[{"href":"https:\/\/eifel-camping.de\/index.php?rest_route=%2Fwp%2Fv2%2Fmedia&parent=385"}],"curies":[{"name":"wp","href":"https:\/\/api.w.org\/{rel}","templated":true}]}}

<h4><span style="color: #000000;">Jeden Tag! Bei jedem Wetter! Für Groß und Klein!</span></h4>
<figure id="attachment_389" aria-describedby="caption-attachment-389" style="width: 1285px" class="wp-caption alignnone"><img loading="lazy" decoding="async" class="wp-image-389 size-full" src="http://eifel-camping.de/wp-content/uploads/2017/08/Einstiegsgebäude.jpg" alt="" width="1285" height="1067" srcset="https://eifel-camping.de/wp-content/uploads/2017/08/Einstiegsgebäude.jpg 1285w, https://eifel-camping.de/wp-content/uploads/2017/08/Einstiegsgebäude-300x249.jpg 300w, https://eifel-camping.de/wp-content/uploads/2017/08/Einstiegsgebäude-768x638.jpg 768w, https://eifel-camping.de/wp-content/uploads/2017/08/Einstiegsgebäude-1024x850.jpg 1024w" sizes="auto, (max-width: 1285px) 100vw, 1285px" /><figcaption id="caption-attachment-389" class="wp-caption-text">Archiv Heimatverein Rescheid e.V.</figcaption></figure>
<p>Der Heimatverein Rescheid e.V. hat sich zur Aufgabe gemacht die alte Grube Wohlfahrt wieder für Besucher zugänglich zu machen und deren alten Bergbaugeschichte zu erzählen.</p>
<p>In der &#8222;<a href="http://www.grubewohlfahrt.de/" target="_blank" rel="noopener">Grube Wohlfahrt</a>&#8220; bietet sich Ihnen die Möglichkeit, den fast 900 Meter langen Stollen im Berg zu befahren, der bereits im ausgehenden Mittelalter begonnen wurde. Kundige Führer vermitteln bei einer spannenden Tour im &#8222;Tiefen Stollen&#8220; Wissenswertes zur Arbeitswelt unserer Vorfahren und zur Entstehung der begehrten Eifeler Bleierze. Im neu erbauten Grubenhaus befindet sich eine sehenswerte Ausstellung über den Rescheider Bleierz-Bergbau. Die Grube Wohlfahrt befindet sich ganz in der Nähe unseres Campingplatzes.</p>
<figure id="attachment_391" aria-describedby="caption-attachment-391" style="width: 300px" class="wp-caption alignleft"><img loading="lazy" decoding="async" class="wp-image-391 size-medium" src="http://eifel-camping.de/wp-content/uploads/2017/08/Rippel_Reger-300x211.jpg" alt="" width="300" height="211" srcset="https://eifel-camping.de/wp-content/uploads/2017/08/Rippel_Reger-300x211.jpg 300w, https://eifel-camping.de/wp-content/uploads/2017/08/Rippel_Reger-768x541.jpg 768w, https://eifel-camping.de/wp-content/uploads/2017/08/Rippel_Reger-1024x722.jpg 1024w, https://eifel-camping.de/wp-content/uploads/2017/08/Rippel_Reger.jpg 1459w" sizes="auto, (max-width: 300px) 100vw, 300px" /><figcaption id="caption-attachment-391" class="wp-caption-text">Archiv Heimatverein Rescheid e.V.</figcaption></figure>
<p>Der Heimatverein Rescheid e.V. bietet täglich &#8211; außer an Heiligabend und am 1. Weihnachtstag &#8211; Führungen um 11.00, 14.00 und 15.30 Uhr an. Gruppen ab 8 Personen müssen sich vorher telefonisch unter 02448-911140  anmelden. Fürdiese können separate Termine zu jeder gewünschten Uhrzeit vereinbart werden.</p>
<p>Bitte beachten:<strong> Die Temperatur im Bergwerk beträgt ganzjährig nur 8 °C. Warme Kleidung und festes Schuhwerk werden unbedingt empfohlen!</strong></p>
<figure id="attachment_390" aria-describedby="caption-attachment-390" style="width: 300px" class="wp-caption alignnone"><img loading="lazy" decoding="async" class="wp-image-390 size-medium" src="http://eifel-camping.de/wp-content/uploads/2017/08/Meves_2-300x228.jpg" alt="" width="300" height="228" srcset="https://eifel-camping.de/wp-content/uploads/2017/08/Meves_2-300x228.jpg 300w, https://eifel-camping.de/wp-content/uploads/2017/08/Meves_2-768x583.jpg 768w, https://eifel-camping.de/wp-content/uploads/2017/08/Meves_2-1024x778.jpg 1024w, https://eifel-camping.de/wp-content/uploads/2017/08/Meves_2.jpg 1347w" sizes="auto, (max-width: 300px) 100vw, 300px" /><figcaption id="caption-attachment-390" class="wp-caption-text">Archiv Heimatverein Rescheid e.V.</figcaption></figure>
<figure id="attachment_388" aria-describedby="caption-attachment-388" style="width: 300px" class="wp-caption alignnone"><img loading="lazy" decoding="async" class="wp-image-388 size-medium" src="http://eifel-camping.de/wp-content/uploads/2017/08/Alte_Lampen-300x225.jpg" alt="" width="300" height="225" srcset="https://eifel-camping.de/wp-content/uploads/2017/08/Alte_Lampen-300x225.jpg 300w, https://eifel-camping.de/wp-content/uploads/2017/08/Alte_Lampen-768x576.jpg 768w, https://eifel-camping.de/wp-content/uploads/2017/08/Alte_Lampen.jpg 1020w" sizes="auto, (max-width: 300px) 100vw, 300px" /><figcaption id="caption-attachment-388" class="wp-caption-text">Archiv Heimatverein Rescheid e.V.</figcaption></figure>
<p>Heimatverein Rescheid e.V.<br />
Giescheid 36<br />
D-53940 Rescheid-Hellenthal<br />
Tel.: 02448-911140</p>

<p>Jeden Tag! Bei jedem Wetter! Für Groß und Klein! Der Heimatverein Rescheid e.V. hat sich zur Aufgabe gemacht die alte Grube Wohlfahrt wieder für Besucher zugänglich zu machen und deren alten Bergbaugeschichte zu erzählen. In der &#8222;Grube Wohlfahrt&#8220; bietet sich <a class="more-link" href="https://eifel-camping.de/?page_id=385"><span class="screen-reader-text">  Grube Wohlfahrt</span> weiterlesen<span class="meta-nav">&rarr;</span></a></p>
