{"id":155,"date":"2017-07-16T11:27:28","date_gmt":"2017-07-16T11:27:28","guid":{"rendered":"http:\/\/camping-hellenthal.de\/?page_id=155"},"modified":"2018-04-24T12:26:42","modified_gmt":"2018-04-24T10:26:42","slug":"eifel-holzfass","status":"publish","type":"page","link":"https:\/\/eifel-camping.de\/?page_id=155","title":{"rendered":"Eifel Holzfass"},"content":{"rendered":"<p><img loading=\"lazy\" decoding=\"async\" class=\"alignnone wp-image-158 size-full\" src=\"https:\/\/eifel-camping.de\/wp-content\/uploads\/2017\/07\/schlafen_text_680.jpg\" alt=\"\" width=\"680\" height=\"65\" srcset=\"https:\/\/eifel-camping.de\/wp-content\/uploads\/2017\/07\/schlafen_text_680.jpg 680w, https:\/\/eifel-camping.de\/wp-content\/uploads\/2017\/07\/schlafen_text_680-300x29.jpg 300w\" sizes=\"auto, (max-width: 680px) 100vw, 680px\" \/><\/p>\n<p>Eine wunderbar gelegene Freizeitanlage mitten in einem naturbelassenen, gro\u00dfen Berg- und Waldgel\u00e4nde der Eifel, 600 m \u00fc.NN \u2013 die zieht nicht nur Campingfreunde an. Der Ausblick von den H\u00f6hen Hellenthals \u00fcber die Eifel hat sich l\u00e4ngst herumgesprochen. Im oberen Bereich von Camping Dickerscheid sind die Stellpl\u00e4tze terrassenf\u00f6rmig angelegt. Der Gast kann so den Blick bis weit in das Tal hinein schweifen lassen. Und genau dort findet man den Grund, warum Geocacher, Wanderer, Radfahrer und Biker alleine oder mit Partner und Familie, die etwas \u201eAbenteuerliches\u201c m\u00f6chten, oft und gerne hierher kommen: die Eifel-Holzf\u00e4sser zur \u00dcbernachtung.<\/p>\n<p><iframe loading=\"lazy\" style=\"border: 0px #FFFFFF none;\" src=\"http:\/\/www.eifel-holzfass.de\/video\/index.html\" name=\"video\" width=\"750\" height=\"500\" frameborder=\"1\" marginwidth=\"0px\" marginheight=\"0px\" scrolling=\"auto\" align=\"aus\"><\/iframe><\/p>\n<pre>Sollten Sie hier kein Bild sehen, \u00e4ndern Sie die Flash-Einstellungen im Ihren Browser oder klicken Sie <a href=\"http:\/\/eifel-camping.de\/?page_id=155\">\nhier<\/a>.<\/pre>\n<p>Dabei ist der Aufenthalt im Holzfass gar nicht so abenteuerlich, sondern eine sehr gem\u00fctliche Art, sich vom Cachen, Wandern oder Biken zu erholen. Im viereinhalb Meter langen Fass kann man bequem auf einem zwei mal zwei Meter gro\u00dfen Bett ruhen. Sitzgelegenheiten und Ausziehtisch k\u00f6nnen mit wenigen Handgriffen zu zus\u00e4tzlichen Schlafst\u00e4tten umgewandelt werden. Die Elektroheizung sorgt auch im Winter f\u00fcr wohlige W\u00e4rme und diejenigen, die es trotz Naturn\u00e4he nicht lassen wollen, haben ihre WLAN-Anbindung. Wer sich nach erholsamem Schlaf morgens neben dem Holzfass ein sch\u00f6nes, umfangreiches Fr\u00fchst\u00fcck mit Blick von diesem bewaldeten Bergr\u00fccken auf die wunderbare Weite der Eifel g\u00f6nnen m\u00f6chte, kann dies gerne bei Friedbert Sch\u00fclter und seinem Team <a href=\"http:\/\/eifel-camping.de\/?page_id=209\">vorbestellen<\/a>. Sehr gerne st\u00e4rken sich die \u201aFreizeitler\u2018 aber auch im Restaurant \u201eCamping-Klause\u201c mit gutb\u00fcrgerlicher K\u00fcche direkt am Campingplatz \u2013 wenn sie sich nicht gerade bei sch\u00f6nem Wetter im umliegenden Garten au alten oder mit anderen Naturfreunden kl\u00f6nen m\u00f6chten.<\/p>\n<p><img loading=\"lazy\" decoding=\"async\" class=\"alignnone wp-image-304 size-full\" src=\"https:\/\/eifel-camping.de\/wp-content\/uploads\/2017\/07\/Holzfass_Platz.jpg\" alt=\"\" width=\"4156\" height=\"3555\" srcset=\"https:\/\/eifel-camping.de\/wp-content\/uploads\/2017\/07\/Holzfass_Platz.jpg 4156w, https:\/\/eifel-camping.de\/wp-content\/uploads\/2017\/07\/Holzfass_Platz-300x257.jpg 300w, https:\/\/eifel-camping.de\/wp-content\/uploads\/2017\/07\/Holzfass_Platz-768x657.jpg 768w, https:\/\/eifel-camping.de\/wp-content\/uploads\/2017\/07\/Holzfass_Platz-1024x876.jpg 1024w\" sizes=\"auto, (max-width: 4156px) 100vw, 4156px\" \/><\/p>\n","protected":false},"excerpt":{"rendered":"<p>Eine wunderbar gelegene Freizeitanlage mitten in einem naturbelassenen, gro\u00dfen Berg- und Waldgel\u00e4nde der Eifel, 600 m \u00fc.NN \u2013 die zieht nicht nur Campingfreunde an. Der Ausblick von den H\u00f6hen Hellenthals \u00fcber die Eifel hat sich l\u00e4ngst herumgesprochen. Im oberen Bereich <a class=\"more-link\" href=\"https:\/\/eifel-camping.de\/?page_id=155\"><span class=\"screen-reader-text\">  Eifel Holzfass<\/span> weiterlesen<span class=\"meta-nav\">&rarr;<\/span><\/a><\/p>\n","protected":false},"author":1,"featured_media":0,"parent":0,"menu_order":0,"comment_status":"closed","ping_status":"closed","template":"","meta":{"footnotes":""},"class_list":["post-155","page","type-page","status-publish","hentry"],"_links":{"self":[{"href":"https:\/\/eifel-camping.de\/index.php?rest_route=\/wp\/v2\/pages\/155","targetHints":{"allow":["GET"]}}],"collection":[{"href":"https:\/\/eifel-camping.de\/index.php?rest_route=\/wp\/v2\/pages"}],"about":[{"href":"https:\/\/eifel-camping.de\/index.php?rest_route=\/wp\/v2\/types\/page"}],"author":[{"embeddable":true,"href":"https:\/\/eifel-camping.de\/index.php?rest_route=\/wp\/v2\/users\/1"}],"replies":[{"embeddable":true,"href":"https:\/\/eifel-camping.de\/index.php?rest_route=%2Fwp%2Fv2%2Fcomments&post=155"}],"version-history":[{"count":24,"href":"https:\/\/eifel-camping.de\/index.php?rest_route=\/wp\/v2\/pages\/155\/revisions"}],"predecessor-version":[{"id":558,"href":"https:\/\/eifel-camping.de\/index.php?rest_route=\/wp\/v2\/pages\/155\/revisions\/558"}],"wp:attachment":[{"href":"https:\/\/eifel-camping.de\/index.php?rest_route=%2Fwp%2Fv2%2Fmedia&parent=155"}],"curies":[{"name":"wp","href":"https:\/\/api.w.org\/{rel}","templated":true}]}}

<p><img loading="lazy" decoding="async" class="alignnone wp-image-158 size-full" src="https://eifel-camping.de/wp-content/uploads/2017/07/schlafen_text_680.jpg" alt="" width="680" height="65" srcset="https://eifel-camping.de/wp-content/uploads/2017/07/schlafen_text_680.jpg 680w, https://eifel-camping.de/wp-content/uploads/2017/07/schlafen_text_680-300x29.jpg 300w" sizes="auto, (max-width: 680px) 100vw, 680px" /></p>
<p>Eine wunderbar gelegene Freizeitanlage mitten in einem naturbelassenen, großen Berg- und Waldgelände der Eifel, 600 m ü.NN – die zieht nicht nur Campingfreunde an. Der Ausblick von den Höhen Hellenthals über die Eifel hat sich längst herumgesprochen. Im oberen Bereich von Camping Dickerscheid sind die Stellplätze terrassenförmig angelegt. Der Gast kann so den Blick bis weit in das Tal hinein schweifen lassen. Und genau dort findet man den Grund, warum Geocacher, Wanderer, Radfahrer und Biker alleine oder mit Partner und Familie, die etwas „Abenteuerliches“ möchten, oft und gerne hierher kommen: die Eifel-Holzfässer zur Übernachtung.</p>
<p><iframe loading="lazy" style="border: 0px #FFFFFF none;" src="http://www.eifel-holzfass.de/video/index.html" name="video" width="750" height="500" frameborder="1" marginwidth="0px" marginheight="0px" scrolling="auto" align="aus"></iframe></p>
<pre>Sollten Sie hier kein Bild sehen, ändern Sie die Flash-Einstellungen im Ihren Browser oder klicken Sie <a href="http://eifel-camping.de/?page_id=155">
hier</a>.</pre>
<p>Dabei ist der Aufenthalt im Holzfass gar nicht so abenteuerlich, sondern eine sehr gemütliche Art, sich vom Cachen, Wandern oder Biken zu erholen. Im viereinhalb Meter langen Fass kann man bequem auf einem zwei mal zwei Meter großen Bett ruhen. Sitzgelegenheiten und Ausziehtisch können mit wenigen Handgriffen zu zusätzlichen Schlafstätten umgewandelt werden. Die Elektroheizung sorgt auch im Winter für wohlige Wärme und diejenigen, die es trotz Naturnähe nicht lassen wollen, haben ihre WLAN-Anbindung. Wer sich nach erholsamem Schlaf morgens neben dem Holzfass ein schönes, umfangreiches Frühstück mit Blick von diesem bewaldeten Bergrücken auf die wunderbare Weite der Eifel gönnen möchte, kann dies gerne bei Friedbert Schülter und seinem Team <a href="http://eifel-camping.de/?page_id=209">vorbestellen</a>. Sehr gerne stärken sich die ‚Freizeitler‘ aber auch im Restaurant „Camping-Klause“ mit gutbürgerlicher Küche direkt am Campingplatz – wenn sie sich nicht gerade bei schönem Wetter im umliegenden Garten au alten oder mit anderen Naturfreunden klönen möchten.</p>
<p><img loading="lazy" decoding="async" class="alignnone wp-image-304 size-full" src="https://eifel-camping.de/wp-content/uploads/2017/07/Holzfass_Platz.jpg" alt="" width="4156" height="3555" srcset="https://eifel-camping.de/wp-content/uploads/2017/07/Holzfass_Platz.jpg 4156w, https://eifel-camping.de/wp-content/uploads/2017/07/Holzfass_Platz-300x257.jpg 300w, https://eifel-camping.de/wp-content/uploads/2017/07/Holzfass_Platz-768x657.jpg 768w, https://eifel-camping.de/wp-content/uploads/2017/07/Holzfass_Platz-1024x876.jpg 1024w" sizes="auto, (max-width: 4156px) 100vw, 4156px" /></p>

<p>Eine wunderbar gelegene Freizeitanlage mitten in einem naturbelassenen, großen Berg- und Waldgelände der Eifel, 600 m ü.NN – die zieht nicht nur Campingfreunde an. Der Ausblick von den Höhen Hellenthals über die Eifel hat sich längst herumgesprochen. Im oberen Bereich <a class="more-link" href="https://eifel-camping.de/?page_id=155"><span class="screen-reader-text">  Eifel Holzfass</span> weiterlesen<span class="meta-nav">&rarr;</span></a></p>
