{"id":148,"date":"2017-07-16T11:17:09","date_gmt":"2017-07-16T11:17:09","guid":{"rendered":"http:\/\/camping-hellenthal.de\/?page_id=148"},"modified":"2017-11-02T11:11:34","modified_gmt":"2017-11-02T10:11:34","slug":"olefthalsperre","status":"publish","type":"page","link":"https:\/\/eifel-camping.de\/?page_id=148","title":{"rendered":"Oleftalsperre"},"content":{"rendered":"<p><iframe loading=\"lazy\" title=\"Oleftalsperre\" width=\"530\" height=\"298\" src=\"https:\/\/www.youtube.com\/embed\/rAPhzPoUvtk?feature=oembed\" frameborder=\"0\" allow=\"accelerometer; autoplay; clipboard-write; encrypted-media; gyroscope; picture-in-picture; web-share\" referrerpolicy=\"strict-origin-when-cross-origin\" allowfullscreen><\/iframe><\/p>\n<p>Diese Talsperre bietet Ihnen echte Highlights: ein wahres Naturerlebnis und eine gewaltige, in Deutschland einmalige Staumauer. Die Wegl\u00e4nge des gut ausgebauten Wanderweges betr\u00e4gt 13 km.<\/p>\n<p><img loading=\"lazy\" decoding=\"async\" class=\"alignleft wp-image-437\" src=\"http:\/\/eifel-camping.de\/wp-content\/uploads\/2017\/11\/klein_2017-11-01-11.57.48-1-300x225.jpg\" alt=\"\" width=\"300\" height=\"225\" srcset=\"https:\/\/eifel-camping.de\/wp-content\/uploads\/2017\/11\/klein_2017-11-01-11.57.48-1-300x225.jpg 300w, https:\/\/eifel-camping.de\/wp-content\/uploads\/2017\/11\/klein_2017-11-01-11.57.48-1-768x576.jpg 768w, https:\/\/eifel-camping.de\/wp-content\/uploads\/2017\/11\/klein_2017-11-01-11.57.48-1.jpg 1000w\" sizes=\"auto, (max-width: 300px) 100vw, 300px\" \/>Die Erkundung per Fahrrad ist hier besonders empfehlenswert. Hierbei ergeben sich viele sch\u00f6ne Aus- und Einblicke. Eine Wanderung zum nahegelegenen Wildgehege bzw. von dort zum See ist aber auch f\u00fcr kleinere Kinder gut zu bew\u00e4ltigen und sehr lohnenswert.<br \/>\n<img loading=\"lazy\" decoding=\"async\" class=\"wp-image-447 alignright\" src=\"http:\/\/eifel-camping.de\/wp-content\/uploads\/2017\/07\/klein_2017-11-01-12.43.48-300x225.jpg\" alt=\"\" width=\"300\" height=\"225\" srcset=\"https:\/\/eifel-camping.de\/wp-content\/uploads\/2017\/07\/klein_2017-11-01-12.43.48-300x225.jpg 300w, https:\/\/eifel-camping.de\/wp-content\/uploads\/2017\/07\/klein_2017-11-01-12.43.48-768x576.jpg 768w, https:\/\/eifel-camping.de\/wp-content\/uploads\/2017\/07\/klein_2017-11-01-12.43.48.jpg 1000w\" sizes=\"auto, (max-width: 300px) 100vw, 300px\" \/><\/p>\n<p>Eine Besichtigung der Staumauer, die \u00fcbrigens nach der &#8222;Pfeilerzellenbauweise&#8220; errichtet wurde, ist nach Voranmeldung beim Wasserverband Eifel-Rur (Tel.: 02482\/95200) m\u00f6glich.<br \/>\n<img loading=\"lazy\" decoding=\"async\" class=\"alignnone wp-image-439 size-full\" src=\"http:\/\/eifel-camping.de\/wp-content\/uploads\/2017\/11\/klein_2017-11-01-12.43.35.jpg\" alt=\"\" width=\"1000\" height=\"750\" srcset=\"https:\/\/eifel-camping.de\/wp-content\/uploads\/2017\/11\/klein_2017-11-01-12.43.35.jpg 1000w, https:\/\/eifel-camping.de\/wp-content\/uploads\/2017\/11\/klein_2017-11-01-12.43.35-300x225.jpg 300w, https:\/\/eifel-camping.de\/wp-content\/uploads\/2017\/11\/klein_2017-11-01-12.43.35-768x576.jpg 768w\" sizes=\"auto, (max-width: 1000px) 100vw, 1000px\" \/><\/p>\n","protected":false},"excerpt":{"rendered":"<p>Diese Talsperre bietet Ihnen echte Highlights: ein wahres Naturerlebnis und eine gewaltige, in Deutschland einmalige Staumauer. Die Wegl\u00e4nge des gut ausgebauten Wanderweges betr\u00e4gt 13 km. Die Erkundung per Fahrrad ist hier besonders empfehlenswert. Hierbei ergeben sich viele sch\u00f6ne Aus- und <a class=\"more-link\" href=\"https:\/\/eifel-camping.de\/?page_id=148\"><span class=\"screen-reader-text\">  Oleftalsperre<\/span> weiterlesen<span class=\"meta-nav\">&rarr;<\/span><\/a><\/p>\n","protected":false},"author":1,"featured_media":0,"parent":0,"menu_order":0,"comment_status":"closed","ping_status":"closed","template":"","meta":{"footnotes":""},"class_list":["post-148","page","type-page","status-publish","hentry"],"_links":{"self":[{"href":"https:\/\/eifel-camping.de\/index.php?rest_route=\/wp\/v2\/pages\/148","targetHints":{"allow":["GET"]}}],"collection":[{"href":"https:\/\/eifel-camping.de\/index.php?rest_route=\/wp\/v2\/pages"}],"about":[{"href":"https:\/\/eifel-camping.de\/index.php?rest_route=\/wp\/v2\/types\/page"}],"author":[{"embeddable":true,"href":"https:\/\/eifel-camping.de\/index.php?rest_route=\/wp\/v2\/users\/1"}],"replies":[{"embeddable":true,"href":"https:\/\/eifel-camping.de\/index.php?rest_route=%2Fwp%2Fv2%2Fcomments&post=148"}],"version-history":[{"count":18,"href":"https:\/\/eifel-camping.de\/index.php?rest_route=\/wp\/v2\/pages\/148\/revisions"}],"predecessor-version":[{"id":455,"href":"https:\/\/eifel-camping.de\/index.php?rest_route=\/wp\/v2\/pages\/148\/revisions\/455"}],"wp:attachment":[{"href":"https:\/\/eifel-camping.de\/index.php?rest_route=%2Fwp%2Fv2%2Fmedia&parent=148"}],"curies":[{"name":"wp","href":"https:\/\/api.w.org\/{rel}","templated":true}]}}