{"id":128,"date":"2017-07-16T10:46:37","date_gmt":"2017-07-16T10:46:37","guid":{"rendered":"http:\/\/camping-hellenthal.de\/?page_id=128"},"modified":"2023-02-27T15:56:12","modified_gmt":"2023-02-27T14:56:12","slug":"nationalpark-eifel","status":"publish","type":"page","link":"https:\/\/eifel-camping.de\/?page_id=128","title":{"rendered":"Nationalpark Eifel"},"content":{"rendered":"<p>Anfang 2003 hat das Land Nordrhein-Westfalen 10.700 Hektar der Nordeifel unter den Schutz des ersten Nationalparks in Nordrhein-Westfalen gestellt. Der Nationalpark Eifel zeichnet sich durch seine majest\u00e4tischen Buchenw\u00e4lder, knorrigen Eichenw\u00e4lder, geheimnisvollen Schluchten und seine wilden B\u00e4che aus.<\/p>\n<p>Der Nationalpark Eifel ist ein Wald-Nationalpark. Hier werden Buchenw\u00e4lder gesch\u00fctzt, die von atlantisch get\u00f6ntem Klima und n\u00e4hrstoffarmem, saurem Boden gepr\u00e4gt sind. Die wei\u00dfe Hainsimse kommt als charakteristisches Waldgras in ihnen vor.<\/p>\n<p>Das atlantisch get\u00f6nte Klima zeichnet sich durch reichliche Niederschl\u00e4ge und verh\u00e4ltnism\u00e4\u00dfig milde Winter aus. Die Bergr\u00fccken der Eifel zeigen zu den Bacht\u00e4lern und Talsperren hin steile, oft felsige H\u00e4nge, die &#8211; vor allem an den Sonnenseiten \u2013 die mit Traubeneichen bewachsen sind.<\/p>\n<p><a href=\"http:\/\/www.nationalpark-eifel.de\/\" target=\"_blank\" rel=\"noopener\">\u00a0<\/a><\/p>\n<p>B\u00e4che durchflie\u00dfen steile Kerbt\u00e4ler und bilden bewaldete, k\u00fchle Schluchten. Wenn sie aus ihnen heraustreten, \u00f6ffnet sich die Landschaft und der Bachlauf m\u00e4andert auf der breiten Talsohle durch idyllische Wiesen.<\/p>\n<p>Gro\u00dfe Teile der ehemaligen Wirtschaftsw\u00e4lder werden derzeit noch von standortfremden Fichten eingenommen. Sie werden im Laufe der kommenden Jahre zum Naturwald umgebaut.<\/p>\n<p>Der Nationalpark Eifel umfasst den Truppen\u00fcbungsplatz Vogelsang. Bis zur offiziellen \u00dcbergabe Anfang 2006 ist der Truppen\u00fcbungsplatz noch in Betrieb und daher nicht zug\u00e4nglich. Hier gibt es gr\u00f6\u00dfere Offenfl\u00e4chen, von denen ein Teil nach der \u00dcbergabe f\u00fcr die Wiederbewaldung vorgesehen ist.<\/p>\n<p>Erkunden Sie den Nationalpark auf eigene Faust oder lassen Sie sich f\u00fchren. An den Urwaldtagen f\u00fchren Rangerinnen und Ranger durch das Gro\u00dfschutzgebiet und l\u00fcften f\u00fcr Sie Geheimnisse der Natur. Auf Anfrage organisiert das Nationalparkforstamt auch exklusive Gruppenf\u00fchrungen f\u00fcr Jung und Al.<\/p>\n\n\n<figure class=\"wp-block-gallery has-nested-images columns-default is-cropped wp-block-gallery-1 is-layout-flex wp-block-gallery-is-layout-flex\">\n<figure class=\"wp-block-image size-large\"><a href=\"https:\/\/eifel-camping.de\/wp-content\/uploads\/2023\/02\/nationalpark_4.jpg\"><img loading=\"lazy\" decoding=\"async\" width=\"640\" height=\"960\" data-id=\"98241\" src=\"https:\/\/eifel-camping.de\/wp-content\/uploads\/2023\/02\/nationalpark_4.jpg\" alt=\"\" class=\"wp-image-98241\" srcset=\"https:\/\/eifel-camping.de\/wp-content\/uploads\/2023\/02\/nationalpark_4.jpg 640w, https:\/\/eifel-camping.de\/wp-content\/uploads\/2023\/02\/nationalpark_4-200x300.jpg 200w\" sizes=\"auto, (max-width: 640px) 100vw, 640px\" \/><\/a><\/figure>\n\n\n\n<figure class=\"wp-block-image size-large\"><a href=\"https:\/\/eifel-camping.de\/wp-content\/uploads\/2023\/02\/nationalpark_3.jpg\"><img loading=\"lazy\" decoding=\"async\" width=\"640\" height=\"427\" data-id=\"98240\" src=\"https:\/\/eifel-camping.de\/wp-content\/uploads\/2023\/02\/nationalpark_3.jpg\" alt=\"\" class=\"wp-image-98240\" srcset=\"https:\/\/eifel-camping.de\/wp-content\/uploads\/2023\/02\/nationalpark_3.jpg 640w, https:\/\/eifel-camping.de\/wp-content\/uploads\/2023\/02\/nationalpark_3-300x200.jpg 300w\" sizes=\"auto, (max-width: 640px) 100vw, 640px\" \/><\/a><\/figure>\n\n\n\n<figure class=\"wp-block-image size-large\"><a href=\"https:\/\/eifel-camping.de\/wp-content\/uploads\/2023\/02\/nationalpark_2.jpg\"><img loading=\"lazy\" decoding=\"async\" width=\"640\" height=\"458\" data-id=\"98239\" src=\"https:\/\/eifel-camping.de\/wp-content\/uploads\/2023\/02\/nationalpark_2.jpg\" alt=\"\" class=\"wp-image-98239\" srcset=\"https:\/\/eifel-camping.de\/wp-content\/uploads\/2023\/02\/nationalpark_2.jpg 640w, https:\/\/eifel-camping.de\/wp-content\/uploads\/2023\/02\/nationalpark_2-300x215.jpg 300w\" sizes=\"auto, (max-width: 640px) 100vw, 640px\" \/><\/a><\/figure>\n\n\n\n<figure class=\"wp-block-image size-large\"><a href=\"https:\/\/eifel-camping.de\/wp-content\/uploads\/2023\/02\/nationalpark_1.jpg\"><img loading=\"lazy\" decoding=\"async\" width=\"640\" height=\"427\" data-id=\"98238\" src=\"https:\/\/eifel-camping.de\/wp-content\/uploads\/2023\/02\/nationalpark_1.jpg\" alt=\"\" class=\"wp-image-98238\" srcset=\"https:\/\/eifel-camping.de\/wp-content\/uploads\/2023\/02\/nationalpark_1.jpg 640w, https:\/\/eifel-camping.de\/wp-content\/uploads\/2023\/02\/nationalpark_1-300x200.jpg 300w\" sizes=\"auto, (max-width: 640px) 100vw, 640px\" \/><\/a><\/figure>\n<\/figure>\n\n\n\n<p class=\"has-text-align-center\">[ Fotos von Dominik Ketz ]<\/p>\n\n\n\n<p>B\u00e4che durchflie\u00dfen steile Kerbt\u00e4ler und bilden bewaldete, k\u00fchle Schluchten. Wenn sie aus ihnen heraustreten, \u00f6ffnet sich die Landschaft und der Bachlauf m\u00e4andert auf der breiten Talsohle durch idyllische Wiesen.<\/p>\n\n\n\n<p>Gro\u00dfe Teile der ehemaligen Wirtschaftsw\u00e4lder werden derzeit noch von standortfremden Fichten eingenommen. Sie werden im Laufe der kommenden Jahre zum Naturwald umgebaut.<\/p>\n\n\n\n<p>Der Nationalpark Eifel umfasst den Truppen\u00fcbungsplatz Vogelsang. Bis zur offiziellen \u00dcbergabe Anfang 2006 ist der Truppen\u00fcbungsplatz noch in Betrieb und daher nicht zug\u00e4nglich. Hier gibt es gr\u00f6\u00dfere Offenfl\u00e4chen, von denen ein Teil nach der \u00dcbergabe f\u00fcr die Wiederbewaldung vorgesehen ist.<\/p>\n\n\n\n<p>Erkunden Sie den Nationalpark auf eigene Faust oder lassen Sie sich f\u00fchren. An den Urwaldtagen f\u00fchren Rangerinnen und Ranger durch das Gro\u00dfschutzgebiet und l\u00fcften f\u00fcr Sie Geheimnisse der Natur. Auf Anfrage organisiert das Nationalparkforstamt auch exklusive Gruppenf\u00fchrungen f\u00fcr Jung und Alt.<\/p>\n","protected":false},"excerpt":{"rendered":"<p>Anfang 2003 hat das Land Nordrhein-Westfalen 10.700 Hektar der Nordeifel unter den Schutz des ersten Nationalparks in Nordrhein-Westfalen gestellt. Der Nationalpark Eifel zeichnet sich durch seine majest\u00e4tischen Buchenw\u00e4lder, knorrigen Eichenw\u00e4lder, geheimnisvollen Schluchten und seine wilden B\u00e4che aus. Der Nationalpark Eifel <a class=\"more-link\" href=\"https:\/\/eifel-camping.de\/?page_id=128\"><span class=\"screen-reader-text\">  Nationalpark Eifel<\/span> weiterlesen<span class=\"meta-nav\">&rarr;<\/span><\/a><\/p>\n","protected":false},"author":1,"featured_media":0,"parent":0,"menu_order":0,"comment_status":"closed","ping_status":"closed","template":"","meta":{"footnotes":""},"class_list":["post-128","page","type-page","status-publish","hentry"],"_links":{"self":[{"href":"https:\/\/eifel-camping.de\/index.php?rest_route=\/wp\/v2\/pages\/128","targetHints":{"allow":["GET"]}}],"collection":[{"href":"https:\/\/eifel-camping.de\/index.php?rest_route=\/wp\/v2\/pages"}],"about":[{"href":"https:\/\/eifel-camping.de\/index.php?rest_route=\/wp\/v2\/types\/page"}],"author":[{"embeddable":true,"href":"https:\/\/eifel-camping.de\/index.php?rest_route=\/wp\/v2\/users\/1"}],"replies":[{"embeddable":true,"href":"https:\/\/eifel-camping.de\/index.php?rest_route=%2Fwp%2Fv2%2Fcomments&post=128"}],"version-history":[{"count":5,"href":"https:\/\/eifel-camping.de\/index.php?rest_route=\/wp\/v2\/pages\/128\/revisions"}],"predecessor-version":[{"id":98242,"href":"https:\/\/eifel-camping.de\/index.php?rest_route=\/wp\/v2\/pages\/128\/revisions\/98242"}],"wp:attachment":[{"href":"https:\/\/eifel-camping.de\/index.php?rest_route=%2Fwp%2Fv2%2Fmedia&parent=128"}],"curies":[{"name":"wp","href":"https:\/\/api.w.org\/{rel}","templated":true}]}}

<p>Anfang 2003 hat das Land Nordrhein-Westfalen 10.700 Hektar der Nordeifel unter den Schutz des ersten Nationalparks in Nordrhein-Westfalen gestellt. Der Nationalpark Eifel zeichnet sich durch seine majestätischen Buchenwälder, knorrigen Eichenwälder, geheimnisvollen Schluchten und seine wilden Bäche aus.</p>
<p>Der Nationalpark Eifel ist ein Wald-Nationalpark. Hier werden Buchenwälder geschützt, die von atlantisch getöntem Klima und nährstoffarmem, saurem Boden geprägt sind. Die weiße Hainsimse kommt als charakteristisches Waldgras in ihnen vor.</p>
<p>Das atlantisch getönte Klima zeichnet sich durch reichliche Niederschläge und verhältnismäßig milde Winter aus. Die Bergrücken der Eifel zeigen zu den Bachtälern und Talsperren hin steile, oft felsige Hänge, die &#8211; vor allem an den Sonnenseiten – die mit Traubeneichen bewachsen sind.</p>
<p><a href="http://www.nationalpark-eifel.de/" target="_blank" rel="noopener"> </a></p>
<p>Bäche durchfließen steile Kerbtäler und bilden bewaldete, kühle Schluchten. Wenn sie aus ihnen heraustreten, öffnet sich die Landschaft und der Bachlauf mäandert auf der breiten Talsohle durch idyllische Wiesen.</p>
<p>Große Teile der ehemaligen Wirtschaftswälder werden derzeit noch von standortfremden Fichten eingenommen. Sie werden im Laufe der kommenden Jahre zum Naturwald umgebaut.</p>
<p>Der Nationalpark Eifel umfasst den Truppenübungsplatz Vogelsang. Bis zur offiziellen Übergabe Anfang 2006 ist der Truppenübungsplatz noch in Betrieb und daher nicht zugänglich. Hier gibt es größere Offenflächen, von denen ein Teil nach der Übergabe für die Wiederbewaldung vorgesehen ist.</p>
<p>Erkunden Sie den Nationalpark auf eigene Faust oder lassen Sie sich führen. An den Urwaldtagen führen Rangerinnen und Ranger durch das Großschutzgebiet und lüften für Sie Geheimnisse der Natur. Auf Anfrage organisiert das Nationalparkforstamt auch exklusive Gruppenführungen für Jung und Al.</p>


<figure class="wp-block-gallery has-nested-images columns-default is-cropped wp-block-gallery-1 is-layout-flex wp-block-gallery-is-layout-flex">
<figure class="wp-block-image size-large"><a href="https://eifel-camping.de/wp-content/uploads/2023/02/nationalpark_4.jpg"><img loading="lazy" decoding="async" width="640" height="960" data-id="98241" src="https://eifel-camping.de/wp-content/uploads/2023/02/nationalpark_4.jpg" alt="" class="wp-image-98241" srcset="https://eifel-camping.de/wp-content/uploads/2023/02/nationalpark_4.jpg 640w, https://eifel-camping.de/wp-content/uploads/2023/02/nationalpark_4-200x300.jpg 200w" sizes="auto, (max-width: 640px) 100vw, 640px" /></a></figure>



<figure class="wp-block-image size-large"><a href="https://eifel-camping.de/wp-content/uploads/2023/02/nationalpark_3.jpg"><img loading="lazy" decoding="async" width="640" height="427" data-id="98240" src="https://eifel-camping.de/wp-content/uploads/2023/02/nationalpark_3.jpg" alt="" class="wp-image-98240" srcset="https://eifel-camping.de/wp-content/uploads/2023/02/nationalpark_3.jpg 640w, https://eifel-camping.de/wp-content/uploads/2023/02/nationalpark_3-300x200.jpg 300w" sizes="auto, (max-width: 640px) 100vw, 640px" /></a></figure>



<figure class="wp-block-image size-large"><a href="https://eifel-camping.de/wp-content/uploads/2023/02/nationalpark_2.jpg"><img loading="lazy" decoding="async" width="640" height="458" data-id="98239" src="https://eifel-camping.de/wp-content/uploads/2023/02/nationalpark_2.jpg" alt="" class="wp-image-98239" srcset="https://eifel-camping.de/wp-content/uploads/2023/02/nationalpark_2.jpg 640w, https://eifel-camping.de/wp-content/uploads/2023/02/nationalpark_2-300x215.jpg 300w" sizes="auto, (max-width: 640px) 100vw, 640px" /></a></figure>



<figure class="wp-block-image size-large"><a href="https://eifel-camping.de/wp-content/uploads/2023/02/nationalpark_1.jpg"><img loading="lazy" decoding="async" width="640" height="427" data-id="98238" src="https://eifel-camping.de/wp-content/uploads/2023/02/nationalpark_1.jpg" alt="" class="wp-image-98238" srcset="https://eifel-camping.de/wp-content/uploads/2023/02/nationalpark_1.jpg 640w, https://eifel-camping.de/wp-content/uploads/2023/02/nationalpark_1-300x200.jpg 300w" sizes="auto, (max-width: 640px) 100vw, 640px" /></a></figure>
</figure>



<p class="has-text-align-center">[ Fotos von Dominik Ketz ]</p>



<p>Bäche durchfließen steile Kerbtäler und bilden bewaldete, kühle Schluchten. Wenn sie aus ihnen heraustreten, öffnet sich die Landschaft und der Bachlauf mäandert auf der breiten Talsohle durch idyllische Wiesen.</p>



<p>Große Teile der ehemaligen Wirtschaftswälder werden derzeit noch von standortfremden Fichten eingenommen. Sie werden im Laufe der kommenden Jahre zum Naturwald umgebaut.</p>



<p>Der Nationalpark Eifel umfasst den Truppenübungsplatz Vogelsang. Bis zur offiziellen Übergabe Anfang 2006 ist der Truppenübungsplatz noch in Betrieb und daher nicht zugänglich. Hier gibt es größere Offenflächen, von denen ein Teil nach der Übergabe für die Wiederbewaldung vorgesehen ist.</p>



<p>Erkunden Sie den Nationalpark auf eigene Faust oder lassen Sie sich führen. An den Urwaldtagen führen Rangerinnen und Ranger durch das Großschutzgebiet und lüften für Sie Geheimnisse der Natur. Auf Anfrage organisiert das Nationalparkforstamt auch exklusive Gruppenführungen für Jung und Alt.</p>

<p>Anfang 2003 hat das Land Nordrhein-Westfalen 10.700 Hektar der Nordeifel unter den Schutz des ersten Nationalparks in Nordrhein-Westfalen gestellt. Der Nationalpark Eifel zeichnet sich durch seine majestätischen Buchenwälder, knorrigen Eichenwälder, geheimnisvollen Schluchten und seine wilden Bäche aus. Der Nationalpark Eifel <a class="more-link" href="https://eifel-camping.de/?page_id=128"><span class="screen-reader-text">  Nationalpark Eifel</span> weiterlesen<span class="meta-nav">&rarr;</span></a></p>
